{"id":124,"date":"2026-08-31T01:28:02","date_gmt":"2026-08-31T01:28:02","guid":{"rendered":"https:\/\/juanpabloperegrino.com.pe\/?page_id=124"},"modified":"2026-08-31T03:31:02","modified_gmt":"2026-08-31T03:31:02","slug":"inicio","status":"publish","type":"page","link":"https:\/\/juanpabloperegrino.com.pe\/","title":{"rendered":"Inicio"},"content":{"rendered":"\n<h2 class=\"wp-block-heading has-text-align-center has-ast-global-color-0-color has-text-color has-link-color wp-elements-1\">Bienvenidos a la IEP Juan Pablo Peregrino<\/h2>\n\n\n\n<p class=\"has-vivid-red-color has-ast-global-color-4-background-color has-text-color has-background has-link-color wp-elements-2 wp-block-paragraph\" style=\"font-style:italic;font-weight:1000\">Somos una instituci\u00f3n educativa privada ubicada en el Distrito de San Mart\u00edn de Porres, comprometida con una educaci\u00f3n de calidad, en valores y sin fronteras. Formamos ni\u00f1os y j\u00f3venes en los niveles de Inicial, Primaria y Secundaria, acompa\u00f1\u00e1ndolos en cada etapa de su desarrollo acad\u00e9mico y personal. <\/p>\n\n\n\n<figure class=\"wp-block-image aligncenter size-full is-resized\"><img fetchpriority=\"high\" decoding=\"async\" width=\"1024\" height=\"768\" src=\"https:\/\/juanpabloperegrino.com.pe\/wp-content\/uploads\/2026\/08\/patio-con-globos-1024x768-1.jpg\" alt=\"\" class=\"wp-image-285\" style=\"width:720px;height:auto\" srcset=\"https:\/\/juanpabloperegrino.com.pe\/wp-content\/uploads\/2026\/08\/patio-con-globos-1024x768-1.jpg 1024w, https:\/\/juanpabloperegrino.com.pe\/wp-content\/uploads\/2026\/08\/patio-con-globos-1024x768-1-300x225.jpg 300w, https:\/\/juanpabloperegrino.com.pe\/wp-content\/uploads\/2026\/08\/patio-con-globos-1024x768-1-768x576.jpg 768w\" sizes=\"(max-width: 1024px) 100vw, 1024px\" \/><\/figure>\n\n\n\n<p class=\"has-vivid-red-color has-text-color has-link-color wp-elements-3 wp-block-paragraph\" style=\"font-style:italic;font-weight:1000\"><kbd>Nuestro colegio cuenta con un equipo de profesionales altamente calificados que garantizan la preparaci\u00f3n adecuada por niveles de nuestros estudiantes, para formarlos integralmente con un nivel acad\u00e9mico muy alto que les permita acceder a una educaci\u00f3n superior y formar excelentes profesionales, preparados para enfrentar la vida con la pr\u00e1ctica de valores y \u00e9tica profesional.<\/kbd><\/p>\n\n\n\n<h2 class=\"wp-block-heading has-ast-global-color-0-color has-text-color has-link-color wp-elements-4\">Niveles educativos que ofrecemos<\/h2>\n\n\n\n<ul class=\"wp-block-list\">\n<li class=\"has-vivid-red-color has-text-color has-link-color wp-elements-5\">Inicial<\/li>\n\n\n\n<li class=\"has-vivid-red-color has-text-color has-link-color wp-elements-6\">Primaria<\/li>\n\n\n\n<li class=\"has-vivid-red-color has-text-color has-link-color wp-elements-7\">Secundaria<\/li>\n<\/ul>\n\n\n\n<h2 class=\"wp-block-heading has-ast-global-color-0-color has-text-color has-link-color wp-elements-8\">\u00bfPor qu\u00e9 elegirnos?<\/h2>\n\n\n\n<ul class=\"wp-block-list\">\n<li class=\"has-vivid-red-color has-text-color has-link-color wp-elements-9\">Educaci\u00f3n en valores y formaci\u00f3n integral<\/li>\n\n\n\n<li class=\"has-vivid-red-color has-text-color has-link-color wp-elements-10\">Docentes comprometidos con cada estudiante<\/li>\n\n\n\n<li class=\"has-vivid-red-color has-text-color has-link-color wp-elements-11\">Comunidad educativa cercana y de puertas abiertas para las familias<\/li>\n<\/ul>\n\n\n\n<h2 class=\"wp-block-heading has-ast-global-color-0-color has-text-color has-link-color wp-elements-12\">\u00bfQuieres matricular a tu hijo o hija?<\/h2>\n\n\n\n<p class=\"has-vivid-red-color has-text-color has-link-color wp-elements-13 wp-block-paragraph\">Vis\u00edtanos en AV. 12 de Octubre cuadra 13, Asoc. Viv. Los Olivos, San Mart\u00edn de Porres, o comun\u00edcate con nosotros al tel\u00e9fono 01 5315092 o al correo jppsmp@gmail.com. Con gusto te brindaremos toda la informaci\u00f3n sobre el proceso de matr\u00edcula.<\/p>\n\n\n\n<p class=\"wp-block-paragraph\"><a href=\"https:\/\/juanpabloperegrino.com.pe\/index.php\/vision-y-mision\/\" data-type=\"page\" data-id=\"106\">Conoce nuestra Visi\u00f3n y Misi\u00f3n<\/a><\/p>\n\n\n\n<p class=\"wp-block-paragraph\"><\/p>\n","protected":false},"excerpt":{"rendered":"<p>Bienvenidos a la IEP Juan Pablo Peregrino Somos una instituci\u00f3n educativa privada ubicada en el Distrito de San Mart\u00edn de [&hellip;]<\/p>\n","protected":false},"author":1,"featured_media":0,"parent":0,"menu_order":0,"comment_status":"closed","ping_status":"closed","template":"","meta":{"site-sidebar-layout":"default","site-content-layout":"","ast-site-content-layout":"default","site-content-style":"default","site-sidebar-style":"default","ast-global-header-display":"","ast-banner-title-visibility":"","ast-main-header-display":"","ast-hfb-above-header-display":"","ast-hfb-below-header-display":"","ast-hfb-mobile-header-display":"","site-post-title":"disabled","ast-breadcrumbs-content":"","ast-featured-img":"","footer-sml-layout":"","ast-disable-related-posts":"","theme-transparent-header-meta":"","adv-header-id-meta":"","stick-header-meta":"","header-above-stick-meta":"","header-main-stick-meta":"","header-below-stick-meta":"","astra-migrate-meta-layouts":"default","ast-page-background-enabled":"default","ast-page-background-meta":{"desktop":{"background-color":"var(--ast-global-color-5)","background-image":"","background-repeat":"repeat","background-position":"center center","background-size":"auto","background-attachment":"scroll","background-type":"","background-media":"","overlay-type":"","overlay-color":"","overlay-opacity":"","overlay-gradient":""},"tablet":{"background-color":"","background-image":"","background-repeat":"repeat","background-position":"center center","background-size":"auto","background-attachment":"scroll","background-type":"","background-media":"","overlay-type":"","overlay-color":"","overlay-opacity":"","overlay-gradient":""},"mobile":{"background-color":"","background-image":"","background-repeat":"repeat","background-position":"center center","background-size":"auto","background-attachment":"scroll","background-type":"","background-media":"","overlay-type":"","overlay-color":"","overlay-opacity":"","overlay-gradient":""}},"ast-content-background-meta":{"desktop":{"background-color":"var(--ast-global-color-4)","background-image":"","background-repeat":"repeat","background-position":"center center","background-size":"auto","background-attachment":"scroll","background-type":"","background-media":"","overlay-type":"","overlay-color":"","overlay-opacity":"","overlay-gradient":""},"tablet":{"background-color":"var(--ast-global-color-4)","background-image":"","background-repeat":"repeat","background-position":"center center","background-size":"auto","background-attachment":"scroll","background-type":"","background-media":"","overlay-type":"","overlay-color":"","overlay-opacity":"","overlay-gradient":""},"mobile":{"background-color":"var(--ast-global-color-4)","background-image":"","background-repeat":"repeat","background-position":"center center","background-size":"auto","background-attachment":"scroll","background-type":"","background-media":"","overlay-type":"","overlay-color":"","overlay-opacity":"","overlay-gradient":""}},"footnotes":""},"class_list":["post-124","page","type-page","status-publish","hentry"],"_links":{"self":[{"href":"https:\/\/juanpabloperegrino.com.pe\/index.php\/wp-json\/wp\/v2\/pages\/124","targetHints":{"allow":["GET"]}}],"collection":[{"href":"https:\/\/juanpabloperegrino.com.pe\/index.php\/wp-json\/wp\/v2\/pages"}],"about":[{"href":"https:\/\/juanpabloperegrino.com.pe\/index.php\/wp-json\/wp\/v2\/types\/page"}],"author":[{"embeddable":true,"href":"https:\/\/juanpabloperegrino.com.pe\/index.php\/wp-json\/wp\/v2\/users\/1"}],"replies":[{"embeddable":true,"href":"https:\/\/juanpabloperegrino.com.pe\/index.php\/wp-json\/wp\/v2\/comments?post=124"}],"version-history":[{"count":9,"href":"https:\/\/juanpabloperegrino.com.pe\/index.php\/wp-json\/wp\/v2\/pages\/124\/revisions"}],"predecessor-version":[{"id":298,"href":"https:\/\/juanpabloperegrino.com.pe\/index.php\/wp-json\/wp\/v2\/pages\/124\/revisions\/298"}],"wp:attachment":[{"href":"https:\/\/juanpabloperegrino.com.pe\/index.php\/wp-json\/wp\/v2\/media?parent=124"}],"curies":[{"name":"wp","href":"https:\/\/api.w.org\/{rel}","templated":true}]}}

<h2 class="wp-block-heading has-text-align-center has-ast-global-color-0-color has-text-color has-link-color wp-elements-1">Bienvenidos a la IEP Juan Pablo Peregrino</h2>



<p class="has-vivid-red-color has-ast-global-color-4-background-color has-text-color has-background has-link-color wp-elements-2 wp-block-paragraph" style="font-style:italic;font-weight:1000">Somos una institución educativa privada ubicada en el Distrito de San Martín de Porres, comprometida con una educación de calidad, en valores y sin fronteras. Formamos niños y jóvenes en los niveles de Inicial, Primaria y Secundaria, acompañándolos en cada etapa de su desarrollo académico y personal. </p>



<figure class="wp-block-image aligncenter size-full is-resized"><img fetchpriority="high" decoding="async" width="1024" height="768" src="https://juanpabloperegrino.com.pe/wp-content/uploads/2026/08/patio-con-globos-1024x768-1.jpg" alt="" class="wp-image-285" style="width:720px;height:auto" srcset="https://juanpabloperegrino.com.pe/wp-content/uploads/2026/08/patio-con-globos-1024x768-1.jpg 1024w, https://juanpabloperegrino.com.pe/wp-content/uploads/2026/08/patio-con-globos-1024x768-1-300x225.jpg 300w, https://juanpabloperegrino.com.pe/wp-content/uploads/2026/08/patio-con-globos-1024x768-1-768x576.jpg 768w" sizes="(max-width: 1024px) 100vw, 1024px" /></figure>



<p class="has-vivid-red-color has-text-color has-link-color wp-elements-3 wp-block-paragraph" style="font-style:italic;font-weight:1000"><kbd>Nuestro colegio cuenta con un equipo de profesionales altamente calificados que garantizan la preparación adecuada por niveles de nuestros estudiantes, para formarlos integralmente con un nivel académico muy alto que les permita acceder a una educación superior y formar excelentes profesionales, preparados para enfrentar la vida con la práctica de valores y ética profesional.</kbd></p>



<h2 class="wp-block-heading has-ast-global-color-0-color has-text-color has-link-color wp-elements-4">Niveles educativos que ofrecemos</h2>



<ul class="wp-block-list">
<li class="has-vivid-red-color has-text-color has-link-color wp-elements-5">Inicial</li>



<li class="has-vivid-red-color has-text-color has-link-color wp-elements-6">Primaria</li>



<li class="has-vivid-red-color has-text-color has-link-color wp-elements-7">Secundaria</li>
</ul>



<h2 class="wp-block-heading has-ast-global-color-0-color has-text-color has-link-color wp-elements-8">¿Por qué elegirnos?</h2>



<ul class="wp-block-list">
<li class="has-vivid-red-color has-text-color has-link-color wp-elements-9">Educación en valores y formación integral</li>



<li class="has-vivid-red-color has-text-color has-link-color wp-elements-10">Docentes comprometidos con cada estudiante</li>



<li class="has-vivid-red-color has-text-color has-link-color wp-elements-11">Comunidad educativa cercana y de puertas abiertas para las familias</li>
</ul>



<h2 class="wp-block-heading has-ast-global-color-0-color has-text-color has-link-color wp-elements-12">¿Quieres matricular a tu hijo o hija?</h2>



<p class="has-vivid-red-color has-text-color has-link-color wp-elements-13 wp-block-paragraph">Visítanos en AV. 12 de Octubre cuadra 13, Asoc. Viv. Los Olivos, San Martín de Porres, o comunícate con nosotros al teléfono 01 5315092 o al correo jppsmp@gmail.com. Con gusto te brindaremos toda la información sobre el proceso de matrícula.</p>



<p class="wp-block-paragraph"><a href="https://juanpabloperegrino.com.pe/index.php/vision-y-mision/" data-type="page" data-id="106">Conoce nuestra Visión y Misión</a></p>



<p class="wp-block-paragraph"></p>

<p>Bienvenidos a la IEP Juan Pablo Peregrino Somos una institución educativa privada ubicada en el Distrito de San Martín de [&hellip;]</p>
